z(b) = 3*b**3 - 3*b**2 - 3*b - 3. Let y(h) = h**3 - 1. Let r(v) = s*y(v) - z(v). Let k be (10 - (1 - -1))/2. Calculate r(k).
-3
Let z be 14/6 - (-2)/(-6). Let v(s) = 3 + 8*s**3 - z*s**2 - 2 - 5*s**3 - 4*s**3. Give v(2).
-15
Let v(w) = -190 + 191 + 11*w**3 - 3*w**2 + 3*w**2. What is v(1)?
12
Let y(o) = 4*o + 0 - o - 5 - 7. Let q be y(5). Let k(w) = w + 3. What is k(q)?
6
Let q(s) = 2*s**2 - 4*s - 4. Let l be q(4). Suppose 3*i = -3*r + 12, -r + 5*i - l = -2*r. Let h(g) = -2*g + g + r*g. Calculate h(-5).
-5
Let q(f) = 6 + f**2 - 5*f - f + 0*f. Let c = 5 - 13. Let y be (1 - 4)*c/6. Give q(y).
-2
Let w = 3 - 3. Suppose -2*q - 8 = -0*q + 5*h, 2*q - 5*h - 12 = w. Let r(y) = y. What is r(q)?
1
Let j(x) = -2*x - 8. Let v be (-18)/(3 - (2 - -3)). Let w = v + -15. What is j(w)?
4
Let n(k) be the third derivative of -k**5/60 - k**4/4 + k**3/6 + 18*k**2. Determine n(-6).
1
Let w(q) = 13*q**2. Let p = 36 - 37. Give w(p).
13
Let a(c) = -3*c**2 - 7*c + 3. Let o(s) = -2*s**2 - 4*s + 2. Let z(r) = -3*a(r) + 5*o(r). Let m = 0 - -4. Determine z(m).
-11
Let f be 3 - (2 + 0 + 2). Suppose 0 = -6*w + 3*w + 12. Let n(a) = -w*a**2 + 0*a**2 - 2*a**2 - 1. Give n(f).
-7
Let t(l) be the second derivative of -l**5/20 - l**4/12 + l**3/6 - l**2 + 108*l. Let g = 2 - 2. Calculate t(g).
-2
Let o(l) = -7*l**2. Suppose -5*r = -40 - 0. Let y be (1 - 0) + (10 - r). Suppose n - y = -2*n. Calculate o(n).
-7
Let q(o) = -o + 1. Let b be q(0). Let v be 2/b - 0 - 0. Let c(m) be the third derivative of -m**6/120 + m**5/60 - m**4/12 + m**3/2 + 3*m**2. What is c(v)?
-5
Let d = 0 - 1. Let z(w) = 4*w - 1. Determine z(d).
-5
Let a(u) = 3*u**2 + u - 1. Suppose 0 = -4*c - 0 - 8. Calculate a(c).
9
Suppose 0*f - 5*f = -25. Let j(h) = -f*h + 5 - 3*h + 5*h. Give j(4).
-7
Let r(l) = -3 + 5*l + 4 - 16*l + l. Calculate r(2).
-19
Let k(z) = -z**2 - 3*z + 1. Suppose 0 = -d + 5 - 2. Suppose -3*t - d = 3. What is k(t)?
3
Let r(t) = -t**2 + 7*t - 3. Let y be (40/28)/(1/7). Suppose 15 = 5*v - y. Give r(v).
7
Let q(x) = x**3 - 3*x**2 - 8*x + 3. Let y = -35 - -40. Determine q(y).
13
Let y be (-225)/30*(-8)/10. Let c(b) = -1 + b**2 - 7*b + b + 2*b. Determine c(y).
11
Let u(c) = c**2 + 2*c + c + c - 1. Give u(-5).
4
Suppose 4*j + 5*l = -5, -5*j = 3*l - 4*l - 1. Suppose -x + 3 + 0 = j. Let r(f) = -f**3 + f**2 + 2*f + 4. Calculate r(x).
-8
Let c(f) = f. Let j be (-6)/(-20)*-2*-15. Suppose -j = -2*d + a, d + 4*a - a - 22 = 0. What is c(d)?
7
Let h be (-1)/(1/(-1) - -2). Let f(s) be the third derivative of s**6/60 + s**5/60 - s**3/6 - 6*s**2. Calculate f(h).
-2
Let k = -26 - -21. Let d(y) = -3*y + 6. Give d(k).
21
Let a(b) = -3*b + 1. Let l be a(-1). Suppose 2 = 6*i - 4*i. Let n(x) = 2 + 1 + 0 + x**2 + i - 3*x. Calculate n(l).
8
Let n(j) = j - 5. Let t(z) = 4*z + 4. Let m be t(1). Determine n(m).
3
Let p(k) = 4*k. Let l(d) = -d**2 + 4*d - 1. Let h(n) = n. Let y be h(3). Let o be l(y). Determine p(o).
8
Let i(n) = -n**2 + 59 - 20 - 19 - 4*n - 19. Calculate i(-5).
-4
Suppose 0 = 4*d - 5*d + c, 4*d - 2*c - 6 = 0. Let m(b) = -10*b - 2. Give m(d).
-32
Let s be 4/(-6 + 3 - -5)*1. Let m(v) = 3*v**2 - 2*v + 2. Determine m(s).
10
Let r be 36/(-16)*6/(-27). Let h(w) be the second derivative of -2*w - 1/20*w**5 + 0 + r*w**4 - 1/6*w**3 + 0*w**2. Determine h(6).
-6
Let c(k) = k. Let d = 3 - 4. Let r be (d - (-3)/(-2))*4. Let t = 6 + r. Give c(t).
-4
Let p(b) be the second derivative of 0*b**2 - 4*b + 0 - 1/6*b**3. What is p(5)?
-5
Let b(k) = -k**3 + 10*k**2 - k + 7. Let r(h) = 0*h**2 + 1 + 4*h**2 - h + 4*h**2 - 7*h**2. Let c(i) = -b(i) + 6*r(i). Calculate c(5).
-1
Let z(g) = -2*g + 6*g - 7*g. Calculate z(-5).
15
Let b(p) = p**3 - p**2 + p. Let a(d) = -7*d**3 + 2*d**2 - 3*d + 6. Let k(i) = a(i) + 6*b(i). Suppose 20 = z - 5*z, 4*v + 5*z + 41 = 0. What is k(v)?
-6
Let j(s) be the second derivative of -6*s + 1/3*s**3 - 9/2*s**2 + 0. Calculate j(6).
3
Let x(p) = -p**2 + 11*p - 8. Let i be x(10). Let g(c) = -3*c - i*c + 2 + 6*c. Calculate g(4).
6
Suppose 6*b + 20 = 2*b. Let t(n) be the second derivative of -n**4/12 - 2*n**3/3 - n**2 + 10*n. What is t(b)?
-7
Let d(o) be the third derivative of o**5/60 - 7*o**4/24 - 5*o**3/6 - 11*o**2. Calculate d(7).
-5
Suppose 9 = 2*n - 5*z - 24, 0 = -2*z - 10. Let y(w) be the first derivative of -w**2/2 + 5*w + 1. What is y(n)?
1
Let d(a) = -a**2 + 5*a + 9. Let c be d(6). Let q(i) = -10*i + 2 + c*i - 1. Give q(1).
-6
Suppose 2*p = 5*p + 3. Let r be -4 - (0/p + 1). Let o(i) = i**3 + 4*i**2 - 4*i - 1. Calculate o(r).
-6
Let m(h) = 2 - 1 + 0*h**2 + 2*h**2 + 2*h**2 + h. What is m(-1)?
4
Let u be 4*((-45)/12)/(-3). Let v(r) = 2*r - r**3 - r**3 - 1 + u*r**3 - 4*r**3 + 2*r**2. What is v(2)?
3
Let f(n) = -2*n**2 - 20*n. Let z(h) = h**2 + 13*h. Let m(l) = -5*f(l) - 8*z(l). What is m(3)?
6
Let f(t) = -242*t + 485*t - 242*t. Determine f(-5).
-5
Let a(k) = -k**2 - k + 8. Let j(s) = s**3 - 3*s**2 + 3*s - 3. Let w be j(3). Suppose -2*p + w*m = 2*m, 0 = 4*p - 5*m. Calculate a(p).
8
Let b(r) = r**3 + 7*r**2 + 7*r + 7. Let f = -74 - -68. Give b(f).
1
Let m(j) = 4*j - 3. Let b(r) = -3*r + 3. Let c(f) = -3*b(f) - 2*m(f). Suppose 2*v - 18 = -v. Determine c(v).
3
Let u = 18 - 24. Let g(h) = -2*h - 1. Determine g(u).
11
Let c = 13 - 9. Suppose -c*n = n - 25. Let p(i) = i**2 - 5*i - 4. Calculate p(n).
-4
Let b(l) be the third derivative of 1/3*l**3 + l**2 + 0 - 1/24*l**4 + 0*l. What is b(5)?
-3
Let k be 2*((-7)/2 + 6). Let p(z) be the third derivative of -1/10*z**k + z**3 + 0*z + 1/24*z**4 - 5*z**2 - 1/120*z**6 + 0. Give p(-6).
0
Let a(o) = 0*o - 2*o - o**3 - 5 + 2*o**2 - 2*o + 7. Determine a(2).
-6
Let l(i) = -i**2 + 4*i + 2. Let q be l(5). Let r(h) = -h**3 - 4*h**2 + 2*h + 4. Calculate r(q).
-11
Suppose 2*b - 36 = -2*b. Let w(f) = -3*f + 23. Let s(m) = -m + 11. Let a(t) = b*s(t) - 4*w(t). What is a(-5)?
-8
Let v(q) = 1. Let c(s) = 2*s**2 + 4. Let u(w) = -c(w) + 2*v(w). Calculate u(2).
-10
Suppose -4*j - 3 - 14 = -3*c, 5*c = -2*j + 11. Let h(m) = m**3 + 2*m**2 + m + 2. Calculate h(j).
0
Let i(f) be the first derivative of -f**2/2 + 2*f - 13. Determine i(6).
-4
Let n(l) = -l**2 + 5*l + 4. Suppose 10 = 5*r + w, 6*w = r + w - 28. Suppose 0 = r*o + q - 17, -5*o - 4*q + 25 = -8. Determine n(o).
4
Let l(r) be the first derivative of 4 + 1/3*r**3 + 3*r + 5/2*r**2. Give l(-2).
-3
Let y(q) = q**2 - q - 1. Let s(x) = 4*x**2 - 9*x - 8. Let h(b) = s(b) - 6*y(b). Let a(k) = -1. Let c = -4 - -3. Let z(p) = c*h(p) + 4*a(p). Determine z(-3).
7
Let c = 8 - 0. Let b be 4/(-14) - (-60)/14. Suppose b = -q + c. Let f(z) = -3*z + 4. Give f(q).
-8
Let k(p) = 1 - 8 - 4*p - 3*p - 5*p**2. Let i(t) = 3*t**2 + 4*t + 4. Let s(m) = 7*i(m) + 4*k(m). Let h be 1 + (-2)/(-2 + 0). What is s(h)?
4
Suppose m + 8 = 1. Let k be (-16)/m - 4/14. Let h(w) = -9 + 11 - k*w + 3*w. What is h(-4)?
-2
Let p(x) = 5*x + 8. Let s(a) be the first derivative of -a**2/2 - a + 1. Let r(q) = -p(q) - 4*s(q). What is r(-5)?
1
Let m(l) be the second derivative of 2/3*l**3 + 2*l + 0 - 1/20*l**5 - 2*l**2 + 1/4*l**4. Determine m(3).
8
Let t(x) = -2 + 0*x**3 - 3*x**3 - 5*x**2 + 6*x + 2*x**3. Let k be t(-6). Let y(v) be the first derivative of -2*v**3/3 - 3*v**2/2 - 3*v - 1. What is y(k)?
-5
Let c(f) = f**3 - 7*f**2 + 8*f. Let x = 71 - 65. Give c(x).
12
Let o(k) = 5*k - 7. Let u(n) = 6*n - 7. Let x(s) = -4*o(s) + 3*u(s). Let r be x(5). Let j(b) = b**2 + 4*b. Determine j(r).
-3
Suppose -8 = -p - 0. Let a(y) = -31*y**2 + p + 18*y**2 + 12*y**2. Determine a(0).
8
Let i(j) be the second derivative of -j**3/6 + 2*j**2 + 10*j. Determine i(0).
4
Let d(y) = 3*y + 13. Let n(l) = 2*l + 7. Let w(a) = -3*d(a) + 5*n(a). Let k be w(5). Let c(s) = 4*s**2 + 8*s**3 + 1 + 0 - 5*s**2. Give c(k).
8
Let s(y) be the second derivative of -y**4/12 - 3*y**3/2 - 5*y**2/2 - 2*y. Give s(-5).
15
Let x(v) = -3 - 5*v + 2*v**3 - 1 - 5*v**2 - 3*v**3 + 0. What is x(-3)?
-7
Let w = -3 + 0. Let x be (3/4 - -1)*-4. Let l = w - x. Let b(k) = 2*k + 1. What is b(l)?
9
Let d(s) = -5*s. Let n(g) = g**3 - g**2 + 2*g - 6. Let l be n(2). What is d(l)?
-10
Suppose -15 = 5*k - 25. Let t(c) = c**2 + c - 2. Calculate t(k).
4
Let j(n) be the first derivative of -n**2/2 + n + 4. Let g be (-47)/9 - (-2)/9. What is j(g)?
6
Let k(s) = 5*s - 5*s**2 + 3 + 0*s - 3. Let o(w) = 6*w**2 - 6*w + 1. Let v(q) = 5*k(q) + 4*o(q). Determine v(3).
